{"id":73,"date":"2025-01-27T22:15:15","date_gmt":"2025-01-27T21:15:15","guid":{"rendered":"https:\/?post_type=product&#038;p=73"},"modified":"2025-02-02T10:08:21","modified_gmt":"2025-02-02T09:08:21","slug":"pokemon-bonnet-et-5-cartes-patchs","status":"publish","type":"product","link":"https:\/\/pokelabtcg.fr\/index.php\/produit\/pokemon-bonnet-et-5-cartes-patchs\/","title":{"rendered":"Pok\u00e9mon &#8211; Bonnet et 5 cartes patchs &#8211; Edition Limit\u00e9e !"},"content":{"rendered":"<p>Offrez un cadeau unique pour les f\u00eates avec ce bonnet Pok\u00e9mon pour homme, parfait pour les amateurs de la s\u00e9rie.<br \/>\n&#8211; Bonnet Pok\u00e9mon<br \/>\n&#8211; Noir uni<br \/>\n&#8211; Vendu avec un ensemble de patchs interchangeables repr\u00e9sentant des cartes du JCC Pok\u00e9mon<br \/>\n&#8211; Id\u00e9al pour compl\u00e9ter votre collection avec nos autres accessoires Pok\u00e9mon.<\/p>\n","protected":false},"excerpt":{"rendered":"<p><strong>Bonnet Pok\u00e9mon Noir avec Patchs Interchangeables &#8211; Cadeau Id\u00e9al pour Fans<\/strong><br \/>\nCompl\u00e9tez votre collection Pok\u00e9mon avec ce bonnet noir uni, accompagn\u00e9 de patchs du <strong>JCC Pok\u00e9mon<\/strong>. Parfait pour les fans et id\u00e9al \u00e0 offrir !<\/p>\n","protected":false},"featured_media":95,"comment_status":"open","ping_status":"closed","template":"","meta":[],"product_brand":[22],"product_cat":[21],"product_tag":[],"class_list":{"0":"post-73","1":"product","2":"type-product","3":"status-publish","4":"has-post-thumbnail","6":"product_brand-celio","7":"product_cat-textile","9":"entry","10":"has-media","12":"first","13":"instock","14":"sale","15":"shipping-taxable","16":"purchasable","17":"product-type-simple","18":"has-product-nav","19":"col","20":"span_1_of_3","21":"owp-content-center","22":"owp-thumbs-layout-horizontal","23":"owp-btn-normal","24":"owp-tabs-layout-horizontal","25":"has-no-thumbnails"},"yoast_head":"<!-- This site is optimized with the Yoast SEO plugin v24.4 - https:\/\/yoast.com\/wordpress\/plugins\/seo\/ -->\n<title>Pok\u00e9mon - Bonnet et 5 cartes patchs - Edition Limit\u00e9e ! - Pokelab Tcg<\/title>\n<meta name=\"description\" content=\"Bonnet Pok\u00e9mon Noir avec Patchs Interchangeables - Cadeau Id\u00e9al pour Fans, Compl\u00e9tez votre collection Pok\u00e9mon avec ce bonnet noir uni !\" \/>\n<meta name=\"robots\" content=\"index, follow, max-snippet:-1, max-image-preview:large, max-video-preview:-1\" \/>\n<link rel=\"canonical\" href=\"https:\/\/pokelabtcg.fr\/index.php\/produit\/pokemon-bonnet-et-5-cartes-patchs\/\" \/>\n<meta property=\"og:locale\" content=\"fr_FR\" \/>\n<meta property=\"og:type\" content=\"article\" \/>\n<meta property=\"og:title\" content=\"Pok\u00e9mon - Bonnet et 5 cartes patchs - Edition Limit\u00e9e ! - Pokelab Tcg\" \/>\n<meta property=\"og:description\" content=\"Bonnet Pok\u00e9mon Noir avec Patchs Interchangeables - Cadeau Id\u00e9al pour Fans, Compl\u00e9tez votre collection Pok\u00e9mon avec ce bonnet noir uni !\" \/>\n<meta property=\"og:url\" content=\"https:\/\/pokelabtcg.fr\/index.php\/produit\/pokemon-bonnet-et-5-cartes-patchs\/\" \/>\n<meta property=\"og:site_name\" content=\"Pokelab Tcg\" \/>\n<meta property=\"article:modified_time\" content=\"2025-02-02T09:08:21+00:00\" \/>\n<meta property=\"og:image\" content=\"https:\/\/pokelabtcg.fr\/wp-content\/uploads\/2025\/01\/173511-956-LJIPOKBE_BLACK-WEB3-1-scaled.jpg\" \/>\n\t<meta property=\"og:image:width\" content=\"1992\" \/>\n\t<meta property=\"og:image:height\" content=\"2560\" \/>\n\t<meta property=\"og:image:type\" content=\"image\/jpeg\" \/>\n<meta name=\"twitter:card\" content=\"summary_large_image\" \/>\n<meta name=\"twitter:label1\" content=\"Dur\u00e9e de lecture estim\u00e9e\" \/>\n\t<meta name=\"twitter:data1\" content=\"1 minute\" \/>\n<script type=\"application\/ld+json\" class=\"yoast-schema-graph\">{\"@context\":\"https:\/\/schema.org\",\"@graph\":[{\"@type\":\"WebPage\",\"@id\":\"https:\/\/pokelabtcg.fr\/index.php\/produit\/pokemon-bonnet-et-5-cartes-patchs\/\",\"url\":\"https:\/\/pokelabtcg.fr\/index.php\/produit\/pokemon-bonnet-et-5-cartes-patchs\/\",\"name\":\"Pok\u00e9mon - Bonnet et 5 cartes patchs - Edition Limit\u00e9e ! - Pokelab Tcg\",\"isPartOf\":{\"@id\":\"https:\/\/www.pokelabtcg.fr\/#website\"},\"primaryImageOfPage\":{\"@id\":\"https:\/\/pokelabtcg.fr\/index.php\/produit\/pokemon-bonnet-et-5-cartes-patchs\/#primaryimage\"},\"image\":{\"@id\":\"https:\/\/pokelabtcg.fr\/index.php\/produit\/pokemon-bonnet-et-5-cartes-patchs\/#primaryimage\"},\"thumbnailUrl\":\"https:\/\/pokelabtcg.fr\/wp-content\/uploads\/2025\/01\/173511-956-LJIPOKBE_BLACK-WEB3-1-scaled.jpg\",\"datePublished\":\"2025-01-27T21:15:15+00:00\",\"dateModified\":\"2025-02-02T09:08:21+00:00\",\"description\":\"Bonnet Pok\u00e9mon Noir avec Patchs Interchangeables - Cadeau Id\u00e9al pour Fans, Compl\u00e9tez votre collection Pok\u00e9mon avec ce bonnet noir uni !\",\"breadcrumb\":{\"@id\":\"https:\/\/pokelabtcg.fr\/index.php\/produit\/pokemon-bonnet-et-5-cartes-patchs\/#breadcrumb\"},\"inLanguage\":\"fr-FR\",\"potentialAction\":[{\"@type\":\"ReadAction\",\"target\":[\"https:\/\/pokelabtcg.fr\/index.php\/produit\/pokemon-bonnet-et-5-cartes-patchs\/\"]}]},{\"@type\":\"ImageObject\",\"inLanguage\":\"fr-FR\",\"@id\":\"https:\/\/pokelabtcg.fr\/index.php\/produit\/pokemon-bonnet-et-5-cartes-patchs\/#primaryimage\",\"url\":\"https:\/\/pokelabtcg.fr\/wp-content\/uploads\/2025\/01\/173511-956-LJIPOKBE_BLACK-WEB3-1-scaled.jpg\",\"contentUrl\":\"https:\/\/pokelabtcg.fr\/wp-content\/uploads\/2025\/01\/173511-956-LJIPOKBE_BLACK-WEB3-1-scaled.jpg\",\"width\":1992,\"height\":2560},{\"@type\":\"BreadcrumbList\",\"@id\":\"https:\/\/pokelabtcg.fr\/index.php\/produit\/pokemon-bonnet-et-5-cartes-patchs\/#breadcrumb\",\"itemListElement\":[{\"@type\":\"ListItem\",\"position\":1,\"name\":\"Accueil\",\"item\":\"https:\/\/pokelabtcg.fr\/\"},{\"@type\":\"ListItem\",\"position\":2,\"name\":\"Boutique\",\"item\":\"https:\/\/pokelabtcg.fr\/\"},{\"@type\":\"ListItem\",\"position\":3,\"name\":\"Pok\u00e9mon &#8211; Bonnet et 5 cartes patchs &#8211; Edition Limit\u00e9e !\"}]},{\"@type\":\"WebSite\",\"@id\":\"https:\/\/www.pokelabtcg.fr\/#website\",\"url\":\"https:\/\/www.pokelabtcg.fr\/\",\"name\":\"Pokelab Tcg\",\"description\":\"\",\"publisher\":{\"@id\":\"https:\/\/www.pokelabtcg.fr\/#organization\"},\"potentialAction\":[{\"@type\":\"SearchAction\",\"target\":{\"@type\":\"EntryPoint\",\"urlTemplate\":\"https:\/\/www.pokelabtcg.fr\/?s={search_term_string}\"},\"query-input\":{\"@type\":\"PropertyValueSpecification\",\"valueRequired\":true,\"valueName\":\"search_term_string\"}}],\"inLanguage\":\"fr-FR\"},{\"@type\":\"Organization\",\"@id\":\"https:\/\/www.pokelabtcg.fr\/#organization\",\"name\":\"Pokelab Tcg\",\"url\":\"https:\/\/www.pokelabtcg.fr\/\",\"logo\":{\"@type\":\"ImageObject\",\"inLanguage\":\"fr-FR\",\"@id\":\"https:\/\/www.pokelabtcg.fr\/#\/schema\/logo\/image\/\",\"url\":\"https:\/\/pokelabtcg.fr\/wp-content\/uploads\/2025\/01\/cropped-cropped-Red-Pokemon-Birthday-Ideas-for-Boyfriend-Facebook-Post-3-1.png\",\"contentUrl\":\"https:\/\/pokelabtcg.fr\/wp-content\/uploads\/2025\/01\/cropped-cropped-Red-Pokemon-Birthday-Ideas-for-Boyfriend-Facebook-Post-3-1.png\",\"width\":421,\"height\":476,\"caption\":\"Pokelab Tcg\"},\"image\":{\"@id\":\"https:\/\/www.pokelabtcg.fr\/#\/schema\/logo\/image\/\"}}]}<\/script>\n<!-- \/ Yoast SEO plugin. -->","yoast_head_json":{"title":"Pok\u00e9mon - Bonnet et 5 cartes patchs - Edition Limit\u00e9e ! - Pokelab Tcg","description":"Bonnet Pok\u00e9mon Noir avec Patchs Interchangeables - Cadeau Id\u00e9al pour Fans, Compl\u00e9tez votre collection Pok\u00e9mon avec ce bonnet noir uni !","robots":{"index":"index","follow":"follow","max-snippet":"max-snippet:-1","max-image-preview":"max-image-preview:large","max-video-preview":"max-video-preview:-1"},"canonical":"https:\/\/pokelabtcg.fr\/index.php\/produit\/pokemon-bonnet-et-5-cartes-patchs\/","og_locale":"fr_FR","og_type":"article","og_title":"Pok\u00e9mon - Bonnet et 5 cartes patchs - Edition Limit\u00e9e ! - Pokelab Tcg","og_description":"Bonnet Pok\u00e9mon Noir avec Patchs Interchangeables - Cadeau Id\u00e9al pour Fans, Compl\u00e9tez votre collection Pok\u00e9mon avec ce bonnet noir uni !","og_url":"https:\/\/pokelabtcg.fr\/index.php\/produit\/pokemon-bonnet-et-5-cartes-patchs\/","og_site_name":"Pokelab Tcg","article_modified_time":"2025-02-02T09:08:21+00:00","og_image":[{"width":1992,"height":2560,"url":"https:\/\/pokelabtcg.fr\/wp-content\/uploads\/2025\/01\/173511-956-LJIPOKBE_BLACK-WEB3-1-scaled.jpg","type":"image\/jpeg"}],"twitter_card":"summary_large_image","twitter_misc":{"Dur\u00e9e de lecture estim\u00e9e":"1 minute"},"schema":{"@context":"https:\/\/schema.org","@graph":[{"@type":"WebPage","@id":"https:\/\/pokelabtcg.fr\/index.php\/produit\/pokemon-bonnet-et-5-cartes-patchs\/","url":"https:\/\/pokelabtcg.fr\/index.php\/produit\/pokemon-bonnet-et-5-cartes-patchs\/","name":"Pok\u00e9mon - Bonnet et 5 cartes patchs - Edition Limit\u00e9e ! - Pokelab Tcg","isPartOf":{"@id":"https:\/\/www.pokelabtcg.fr\/#website"},"primaryImageOfPage":{"@id":"https:\/\/pokelabtcg.fr\/index.php\/produit\/pokemon-bonnet-et-5-cartes-patchs\/#primaryimage"},"image":{"@id":"https:\/\/pokelabtcg.fr\/index.php\/produit\/pokemon-bonnet-et-5-cartes-patchs\/#primaryimage"},"thumbnailUrl":"https:\/\/pokelabtcg.fr\/wp-content\/uploads\/2025\/01\/173511-956-LJIPOKBE_BLACK-WEB3-1-scaled.jpg","datePublished":"2025-01-27T21:15:15+00:00","dateModified":"2025-02-02T09:08:21+00:00","description":"Bonnet Pok\u00e9mon Noir avec Patchs Interchangeables - Cadeau Id\u00e9al pour Fans, Compl\u00e9tez votre collection Pok\u00e9mon avec ce bonnet noir uni !","breadcrumb":{"@id":"https:\/\/pokelabtcg.fr\/index.php\/produit\/pokemon-bonnet-et-5-cartes-patchs\/#breadcrumb"},"inLanguage":"fr-FR","potentialAction":[{"@type":"ReadAction","target":["https:\/\/pokelabtcg.fr\/index.php\/produit\/pokemon-bonnet-et-5-cartes-patchs\/"]}]},{"@type":"ImageObject","inLanguage":"fr-FR","@id":"https:\/\/pokelabtcg.fr\/index.php\/produit\/pokemon-bonnet-et-5-cartes-patchs\/#primaryimage","url":"https:\/\/pokelabtcg.fr\/wp-content\/uploads\/2025\/01\/173511-956-LJIPOKBE_BLACK-WEB3-1-scaled.jpg","contentUrl":"https:\/\/pokelabtcg.fr\/wp-content\/uploads\/2025\/01\/173511-956-LJIPOKBE_BLACK-WEB3-1-scaled.jpg","width":1992,"height":2560},{"@type":"BreadcrumbList","@id":"https:\/\/pokelabtcg.fr\/index.php\/produit\/pokemon-bonnet-et-5-cartes-patchs\/#breadcrumb","itemListElement":[{"@type":"ListItem","position":1,"name":"Accueil","item":"https:\/\/pokelabtcg.fr\/"},{"@type":"ListItem","position":2,"name":"Boutique","item":"https:\/\/pokelabtcg.fr\/"},{"@type":"ListItem","position":3,"name":"Pok\u00e9mon &#8211; Bonnet et 5 cartes patchs &#8211; Edition Limit\u00e9e !"}]},{"@type":"WebSite","@id":"https:\/\/www.pokelabtcg.fr\/#website","url":"https:\/\/www.pokelabtcg.fr\/","name":"Pokelab Tcg","description":"","publisher":{"@id":"https:\/\/www.pokelabtcg.fr\/#organization"},"potentialAction":[{"@type":"SearchAction","target":{"@type":"EntryPoint","urlTemplate":"https:\/\/www.pokelabtcg.fr\/?s={search_term_string}"},"query-input":{"@type":"PropertyValueSpecification","valueRequired":true,"valueName":"search_term_string"}}],"inLanguage":"fr-FR"},{"@type":"Organization","@id":"https:\/\/www.pokelabtcg.fr\/#organization","name":"Pokelab Tcg","url":"https:\/\/www.pokelabtcg.fr\/","logo":{"@type":"ImageObject","inLanguage":"fr-FR","@id":"https:\/\/www.pokelabtcg.fr\/#\/schema\/logo\/image\/","url":"https:\/\/pokelabtcg.fr\/wp-content\/uploads\/2025\/01\/cropped-cropped-Red-Pokemon-Birthday-Ideas-for-Boyfriend-Facebook-Post-3-1.png","contentUrl":"https:\/\/pokelabtcg.fr\/wp-content\/uploads\/2025\/01\/cropped-cropped-Red-Pokemon-Birthday-Ideas-for-Boyfriend-Facebook-Post-3-1.png","width":421,"height":476,"caption":"Pokelab Tcg"},"image":{"@id":"https:\/\/www.pokelabtcg.fr\/#\/schema\/logo\/image\/"}}]}},"_links":{"self":[{"href":"https:\/\/pokelabtcg.fr\/index.php\/wp-json\/wp\/v2\/product\/73","targetHints":{"allow":["GET"]}}],"collection":[{"href":"https:\/\/pokelabtcg.fr\/index.php\/wp-json\/wp\/v2\/product"}],"about":[{"href":"https:\/\/pokelabtcg.fr\/index.php\/wp-json\/wp\/v2\/types\/product"}],"replies":[{"embeddable":true,"href":"https:\/\/pokelabtcg.fr\/index.php\/wp-json\/wp\/v2\/comments?post=73"}],"wp:featuredmedia":[{"embeddable":true,"href":"https:\/\/pokelabtcg.fr\/index.php\/wp-json\/wp\/v2\/media\/95"}],"wp:attachment":[{"href":"https:\/\/pokelabtcg.fr\/index.php\/wp-json\/wp\/v2\/media?parent=73"}],"wp:term":[{"taxonomy":"product_brand","embeddable":true,"href":"https:\/\/pokelabtcg.fr\/index.php\/wp-json\/wp\/v2\/product_brand?post=73"},{"taxonomy":"product_cat","embeddable":true,"href":"https:\/\/pokelabtcg.fr\/index.php\/wp-json\/wp\/v2\/product_cat?post=73"},{"taxonomy":"product_tag","embeddable":true,"href":"https:\/\/pokelabtcg.fr\/index.php\/wp-json\/wp\/v2\/product_tag?post=73"}],"curies":[{"name":"wp","href":"https:\/\/api.w.org\/{rel}","templated":true}]}}