{"id":117,"date":"2025-01-28T03:58:26","date_gmt":"2025-01-28T02:58:26","guid":{"rendered":"https:\/?post_type=product&#038;p=117"},"modified":"2025-03-15T18:40:46","modified_gmt":"2025-03-15T17:40:46","slug":"pokemon-36-booster-mascarade-crepusculaire-ev06-sous-blisters","status":"publish","type":"product","link":"https:\/\/pokelabtcg.fr\/index.php\/produit\/pokemon-36-booster-mascarade-crepusculaire-ev06-sous-blisters\/","title":{"rendered":"Pokemon &#8211; 36 Booster &#8211; Mascarade Cr\u00e9pusculaire EV06"},"content":{"rendered":"<p>Obtient les <strong>36 boosters Mascarade Cr\u00e9pusculaire EV06<\/strong> sous blisters, une excellente occasion d\u2019ajouter des cartes rares et exclusives \u00e0 ta collection et de renforcer tes decks du <strong>JCC Pok\u00e9mon !<\/strong><\/p>\n","protected":false},"excerpt":{"rendered":"<p><strong>36 boosters Mascarade Cr\u00e9pusculaire EV06<\/strong> sous blisters pour booster votre collection et vos strat\u00e9gies de jeu <strong>JCC Pok\u00e9mon<\/strong>.<\/p>\n","protected":false},"featured_media":118,"comment_status":"open","ping_status":"closed","template":"","meta":[],"product_brand":[17],"product_cat":[19],"product_tag":[],"class_list":{"0":"post-117","1":"product","2":"type-product","3":"status-publish","4":"has-post-thumbnail","6":"product_brand-asmodee","7":"product_cat-boosters","9":"entry","10":"has-media","12":"first","13":"outofstock","14":"shipping-taxable","15":"purchasable","16":"product-type-simple","17":"has-product-nav","18":"col","19":"span_1_of_3","20":"owp-content-center","21":"owp-thumbs-layout-horizontal","22":"owp-btn-normal","23":"owp-tabs-layout-horizontal","24":"has-no-thumbnails"},"yoast_head":"<!-- This site is optimized with the Yoast SEO plugin v24.4 - https:\/\/yoast.com\/wordpress\/plugins\/seo\/ -->\n<title>36 Boosters - Mascarade Cr\u00e9pusculaire EV06 \u2013 Sous Blisters<\/title>\n<meta name=\"description\" content=\"36 boosters Mascarade Cr\u00e9pusculaire EV06 sous blisters, pour enrichir votre collection et am\u00e9liorer vos strat\u00e9gies dans le JCC Pok\u00e9mon !\" \/>\n<meta name=\"robots\" content=\"index, follow, max-snippet:-1, max-image-preview:large, max-video-preview:-1\" \/>\n<link rel=\"canonical\" href=\"https:\/\/pokelabtcg.fr\/index.php\/produit\/pokemon-36-booster-mascarade-crepusculaire-ev06-sous-blisters\/\" \/>\n<meta property=\"og:locale\" content=\"fr_FR\" \/>\n<meta property=\"og:type\" content=\"article\" \/>\n<meta property=\"og:title\" content=\"36 Boosters - Mascarade Cr\u00e9pusculaire EV06 \u2013 Sous Blisters\" \/>\n<meta property=\"og:description\" content=\"36 boosters Mascarade Cr\u00e9pusculaire EV06 sous blisters, pour enrichir votre collection et am\u00e9liorer vos strat\u00e9gies dans le JCC Pok\u00e9mon !\" \/>\n<meta property=\"og:url\" content=\"https:\/\/pokelabtcg.fr\/index.php\/produit\/pokemon-36-booster-mascarade-crepusculaire-ev06-sous-blisters\/\" \/>\n<meta property=\"og:site_name\" content=\"Pokelab Tcg\" \/>\n<meta property=\"article:modified_time\" content=\"2025-03-15T17:40:46+00:00\" \/>\n<meta property=\"og:image\" content=\"https:\/\/pokelabtcg.fr\/wp-content\/uploads\/2025\/01\/115837_2.webp\" \/>\n\t<meta property=\"og:image:width\" content=\"600\" \/>\n\t<meta property=\"og:image:height\" content=\"600\" \/>\n\t<meta property=\"og:image:type\" content=\"image\/webp\" \/>\n<meta name=\"twitter:card\" content=\"summary_large_image\" \/>\n<meta name=\"twitter:label1\" content=\"Dur\u00e9e de lecture estim\u00e9e\" \/>\n\t<meta name=\"twitter:data1\" content=\"1 minute\" \/>\n<script type=\"application\/ld+json\" class=\"yoast-schema-graph\">{\"@context\":\"https:\/\/schema.org\",\"@graph\":[{\"@type\":\"WebPage\",\"@id\":\"https:\/\/pokelabtcg.fr\/index.php\/produit\/pokemon-36-booster-mascarade-crepusculaire-ev06-sous-blisters\/\",\"url\":\"https:\/\/pokelabtcg.fr\/index.php\/produit\/pokemon-36-booster-mascarade-crepusculaire-ev06-sous-blisters\/\",\"name\":\"36 Boosters - Mascarade Cr\u00e9pusculaire EV06 \u2013 Sous Blisters\",\"isPartOf\":{\"@id\":\"https:\/\/www.pokelabtcg.fr\/#website\"},\"primaryImageOfPage\":{\"@id\":\"https:\/\/pokelabtcg.fr\/index.php\/produit\/pokemon-36-booster-mascarade-crepusculaire-ev06-sous-blisters\/#primaryimage\"},\"image\":{\"@id\":\"https:\/\/pokelabtcg.fr\/index.php\/produit\/pokemon-36-booster-mascarade-crepusculaire-ev06-sous-blisters\/#primaryimage\"},\"thumbnailUrl\":\"https:\/\/pokelabtcg.fr\/wp-content\/uploads\/2025\/01\/115837_2.webp\",\"datePublished\":\"2025-01-28T02:58:26+00:00\",\"dateModified\":\"2025-03-15T17:40:46+00:00\",\"description\":\"36 boosters Mascarade Cr\u00e9pusculaire EV06 sous blisters, pour enrichir votre collection et am\u00e9liorer vos strat\u00e9gies dans le JCC Pok\u00e9mon !\",\"breadcrumb\":{\"@id\":\"https:\/\/pokelabtcg.fr\/index.php\/produit\/pokemon-36-booster-mascarade-crepusculaire-ev06-sous-blisters\/#breadcrumb\"},\"inLanguage\":\"fr-FR\",\"potentialAction\":[{\"@type\":\"ReadAction\",\"target\":[\"https:\/\/pokelabtcg.fr\/index.php\/produit\/pokemon-36-booster-mascarade-crepusculaire-ev06-sous-blisters\/\"]}]},{\"@type\":\"ImageObject\",\"inLanguage\":\"fr-FR\",\"@id\":\"https:\/\/pokelabtcg.fr\/index.php\/produit\/pokemon-36-booster-mascarade-crepusculaire-ev06-sous-blisters\/#primaryimage\",\"url\":\"https:\/\/pokelabtcg.fr\/wp-content\/uploads\/2025\/01\/115837_2.webp\",\"contentUrl\":\"https:\/\/pokelabtcg.fr\/wp-content\/uploads\/2025\/01\/115837_2.webp\",\"width\":600,\"height\":600},{\"@type\":\"BreadcrumbList\",\"@id\":\"https:\/\/pokelabtcg.fr\/index.php\/produit\/pokemon-36-booster-mascarade-crepusculaire-ev06-sous-blisters\/#breadcrumb\",\"itemListElement\":[{\"@type\":\"ListItem\",\"position\":1,\"name\":\"Accueil\",\"item\":\"https:\/\/pokelabtcg.fr\/\"},{\"@type\":\"ListItem\",\"position\":2,\"name\":\"Boutique\",\"item\":\"https:\/\/pokelabtcg.fr\/\"},{\"@type\":\"ListItem\",\"position\":3,\"name\":\"Pokemon &#8211; 36 Booster &#8211; Mascarade Cr\u00e9pusculaire EV06\"}]},{\"@type\":\"WebSite\",\"@id\":\"https:\/\/www.pokelabtcg.fr\/#website\",\"url\":\"https:\/\/www.pokelabtcg.fr\/\",\"name\":\"Pokelab Tcg\",\"description\":\"\",\"publisher\":{\"@id\":\"https:\/\/www.pokelabtcg.fr\/#organization\"},\"potentialAction\":[{\"@type\":\"SearchAction\",\"target\":{\"@type\":\"EntryPoint\",\"urlTemplate\":\"https:\/\/www.pokelabtcg.fr\/?s={search_term_string}\"},\"query-input\":{\"@type\":\"PropertyValueSpecification\",\"valueRequired\":true,\"valueName\":\"search_term_string\"}}],\"inLanguage\":\"fr-FR\"},{\"@type\":\"Organization\",\"@id\":\"https:\/\/www.pokelabtcg.fr\/#organization\",\"name\":\"Pokelab Tcg\",\"url\":\"https:\/\/www.pokelabtcg.fr\/\",\"logo\":{\"@type\":\"ImageObject\",\"inLanguage\":\"fr-FR\",\"@id\":\"https:\/\/www.pokelabtcg.fr\/#\/schema\/logo\/image\/\",\"url\":\"https:\/\/pokelabtcg.fr\/wp-content\/uploads\/2025\/01\/cropped-cropped-Red-Pokemon-Birthday-Ideas-for-Boyfriend-Facebook-Post-3-1.png\",\"contentUrl\":\"https:\/\/pokelabtcg.fr\/wp-content\/uploads\/2025\/01\/cropped-cropped-Red-Pokemon-Birthday-Ideas-for-Boyfriend-Facebook-Post-3-1.png\",\"width\":421,\"height\":476,\"caption\":\"Pokelab Tcg\"},\"image\":{\"@id\":\"https:\/\/www.pokelabtcg.fr\/#\/schema\/logo\/image\/\"}}]}<\/script>\n<!-- \/ Yoast SEO plugin. -->","yoast_head_json":{"title":"36 Boosters - Mascarade Cr\u00e9pusculaire EV06 \u2013 Sous Blisters","description":"36 boosters Mascarade Cr\u00e9pusculaire EV06 sous blisters, pour enrichir votre collection et am\u00e9liorer vos strat\u00e9gies dans le JCC Pok\u00e9mon !","robots":{"index":"index","follow":"follow","max-snippet":"max-snippet:-1","max-image-preview":"max-image-preview:large","max-video-preview":"max-video-preview:-1"},"canonical":"https:\/\/pokelabtcg.fr\/index.php\/produit\/pokemon-36-booster-mascarade-crepusculaire-ev06-sous-blisters\/","og_locale":"fr_FR","og_type":"article","og_title":"36 Boosters - Mascarade Cr\u00e9pusculaire EV06 \u2013 Sous Blisters","og_description":"36 boosters Mascarade Cr\u00e9pusculaire EV06 sous blisters, pour enrichir votre collection et am\u00e9liorer vos strat\u00e9gies dans le JCC Pok\u00e9mon !","og_url":"https:\/\/pokelabtcg.fr\/index.php\/produit\/pokemon-36-booster-mascarade-crepusculaire-ev06-sous-blisters\/","og_site_name":"Pokelab Tcg","article_modified_time":"2025-03-15T17:40:46+00:00","og_image":[{"width":600,"height":600,"url":"https:\/\/pokelabtcg.fr\/wp-content\/uploads\/2025\/01\/115837_2.webp","type":"image\/webp"}],"twitter_card":"summary_large_image","twitter_misc":{"Dur\u00e9e de lecture estim\u00e9e":"1 minute"},"schema":{"@context":"https:\/\/schema.org","@graph":[{"@type":"WebPage","@id":"https:\/\/pokelabtcg.fr\/index.php\/produit\/pokemon-36-booster-mascarade-crepusculaire-ev06-sous-blisters\/","url":"https:\/\/pokelabtcg.fr\/index.php\/produit\/pokemon-36-booster-mascarade-crepusculaire-ev06-sous-blisters\/","name":"36 Boosters - Mascarade Cr\u00e9pusculaire EV06 \u2013 Sous Blisters","isPartOf":{"@id":"https:\/\/www.pokelabtcg.fr\/#website"},"primaryImageOfPage":{"@id":"https:\/\/pokelabtcg.fr\/index.php\/produit\/pokemon-36-booster-mascarade-crepusculaire-ev06-sous-blisters\/#primaryimage"},"image":{"@id":"https:\/\/pokelabtcg.fr\/index.php\/produit\/pokemon-36-booster-mascarade-crepusculaire-ev06-sous-blisters\/#primaryimage"},"thumbnailUrl":"https:\/\/pokelabtcg.fr\/wp-content\/uploads\/2025\/01\/115837_2.webp","datePublished":"2025-01-28T02:58:26+00:00","dateModified":"2025-03-15T17:40:46+00:00","description":"36 boosters Mascarade Cr\u00e9pusculaire EV06 sous blisters, pour enrichir votre collection et am\u00e9liorer vos strat\u00e9gies dans le JCC Pok\u00e9mon !","breadcrumb":{"@id":"https:\/\/pokelabtcg.fr\/index.php\/produit\/pokemon-36-booster-mascarade-crepusculaire-ev06-sous-blisters\/#breadcrumb"},"inLanguage":"fr-FR","potentialAction":[{"@type":"ReadAction","target":["https:\/\/pokelabtcg.fr\/index.php\/produit\/pokemon-36-booster-mascarade-crepusculaire-ev06-sous-blisters\/"]}]},{"@type":"ImageObject","inLanguage":"fr-FR","@id":"https:\/\/pokelabtcg.fr\/index.php\/produit\/pokemon-36-booster-mascarade-crepusculaire-ev06-sous-blisters\/#primaryimage","url":"https:\/\/pokelabtcg.fr\/wp-content\/uploads\/2025\/01\/115837_2.webp","contentUrl":"https:\/\/pokelabtcg.fr\/wp-content\/uploads\/2025\/01\/115837_2.webp","width":600,"height":600},{"@type":"BreadcrumbList","@id":"https:\/\/pokelabtcg.fr\/index.php\/produit\/pokemon-36-booster-mascarade-crepusculaire-ev06-sous-blisters\/#breadcrumb","itemListElement":[{"@type":"ListItem","position":1,"name":"Accueil","item":"https:\/\/pokelabtcg.fr\/"},{"@type":"ListItem","position":2,"name":"Boutique","item":"https:\/\/pokelabtcg.fr\/"},{"@type":"ListItem","position":3,"name":"Pokemon &#8211; 36 Booster &#8211; Mascarade Cr\u00e9pusculaire EV06"}]},{"@type":"WebSite","@id":"https:\/\/www.pokelabtcg.fr\/#website","url":"https:\/\/www.pokelabtcg.fr\/","name":"Pokelab Tcg","description":"","publisher":{"@id":"https:\/\/www.pokelabtcg.fr\/#organization"},"potentialAction":[{"@type":"SearchAction","target":{"@type":"EntryPoint","urlTemplate":"https:\/\/www.pokelabtcg.fr\/?s={search_term_string}"},"query-input":{"@type":"PropertyValueSpecification","valueRequired":true,"valueName":"search_term_string"}}],"inLanguage":"fr-FR"},{"@type":"Organization","@id":"https:\/\/www.pokelabtcg.fr\/#organization","name":"Pokelab Tcg","url":"https:\/\/www.pokelabtcg.fr\/","logo":{"@type":"ImageObject","inLanguage":"fr-FR","@id":"https:\/\/www.pokelabtcg.fr\/#\/schema\/logo\/image\/","url":"https:\/\/pokelabtcg.fr\/wp-content\/uploads\/2025\/01\/cropped-cropped-Red-Pokemon-Birthday-Ideas-for-Boyfriend-Facebook-Post-3-1.png","contentUrl":"https:\/\/pokelabtcg.fr\/wp-content\/uploads\/2025\/01\/cropped-cropped-Red-Pokemon-Birthday-Ideas-for-Boyfriend-Facebook-Post-3-1.png","width":421,"height":476,"caption":"Pokelab Tcg"},"image":{"@id":"https:\/\/www.pokelabtcg.fr\/#\/schema\/logo\/image\/"}}]}},"_links":{"self":[{"href":"https:\/\/pokelabtcg.fr\/index.php\/wp-json\/wp\/v2\/product\/117","targetHints":{"allow":["GET"]}}],"collection":[{"href":"https:\/\/pokelabtcg.fr\/index.php\/wp-json\/wp\/v2\/product"}],"about":[{"href":"https:\/\/pokelabtcg.fr\/index.php\/wp-json\/wp\/v2\/types\/product"}],"replies":[{"embeddable":true,"href":"https:\/\/pokelabtcg.fr\/index.php\/wp-json\/wp\/v2\/comments?post=117"}],"wp:featuredmedia":[{"embeddable":true,"href":"https:\/\/pokelabtcg.fr\/index.php\/wp-json\/wp\/v2\/media\/118"}],"wp:attachment":[{"href":"https:\/\/pokelabtcg.fr\/index.php\/wp-json\/wp\/v2\/media?parent=117"}],"wp:term":[{"taxonomy":"product_brand","embeddable":true,"href":"https:\/\/pokelabtcg.fr\/index.php\/wp-json\/wp\/v2\/product_brand?post=117"},{"taxonomy":"product_cat","embeddable":true,"href":"https:\/\/pokelabtcg.fr\/index.php\/wp-json\/wp\/v2\/product_cat?post=117"},{"taxonomy":"product_tag","embeddable":true,"href":"https:\/\/pokelabtcg.fr\/index.php\/wp-json\/wp\/v2\/product_tag?post=117"}],"curies":[{"name":"wp","href":"https:\/\/api.w.org\/{rel}","templated":true}]}}